 4*z - 27 + 11. Suppose -k = z*k - 45. Calculate the highest common factor of a and k.
9
Suppose 6*b - 10 = b. Suppose 20 + 32 = 4*a - 4*i, i - 17 = -b*a. What is the highest common divisor of 6 and a?
2
Let h(j) = 7*j**2 - 19*j + 1528. Let a be h(27). Calculate the highest common divisor of a and 23.
23
Suppose -9*n - n = 1720. Let f = 185 + n. What is the greatest common factor of f and 299?
13
Let o be (1/(-3))/(186/180 - 1). Let y be (o/6)/((-7)/63). Calculate the greatest common factor of y and 18.
3
Let s(m) = -2*m - 43. Let q be s(-17). Let i be (-6)/q - (2 + (-129)/9). Let j = i - -9. What is the highest common divisor of j and 11?
11
Let v(p) = 2401*p - 1854. Let g be v(4). Calculate the highest common divisor of 250 and g.
250
Let o be (564/3 - 0) + -1 + -1. Suppose o = 2*j + 2*b, -344 = -4*j - b + 4*b. Suppose j*x = 90*x - 144. Calculate the highest common factor of x and 16.
16
Let t(g) = 1703*g + 499. Let b be t(3). Calculate the greatest common divisor of b and 8.
8
Let c(i) = i**3 - 10*i**2 + 32*i - 30. Let a be c(6). Suppose -224*d + 230*d - a = 0. Calculate the greatest common divisor of d and 57.
3
Let f = -1007 - -1889. Calculate the greatest common divisor of f and 36.
18
Suppose -o = -10*o - 1273 + 18553. Calculate the highest common factor of 800 and o.
160
Suppose 123*h - 2654055 = -1035621. Calculate the greatest common factor of 18 and h.
18
Suppose -65484 = -130*z + 38*z + 24*z. What is the greatest common divisor of z and 1?
1
Let d(b) = -8*b**3 - 34*b**2 + 8*b + 26. Let g be d(-5). What is the greatest common factor of g and 578?
34
Let v(s) = -s**3 + 22*s**2 + 50*s - 15. Suppose 0 = -16*t + 100 + 284. Let d be v(t). What is the greatest common factor of d and 110?
11
Suppose 5*x - 4*g - 31470 = 0, -3*x = -5*g - 15073 - 3809. What is the highest common factor of 12 and x?
6
Suppose 0*o + 12 = 4*o. Suppose -u + 4*s = 0, 0 = 4*s - 1 - o. Suppose 83*d - 42*d - 164 = 0. What is the greatest common factor of u and d?
4
Suppose -4*n = -l - 1877, -n + 1416 = 2*n + 2*l. What is the highest common divisor of n and 150?
10
Let z be (-1)/(1 - 0) + 172. Let v(k) = 40*k**3 - 5*k**2 + 363*k - 360. Let a be v(1). Calculate the highest common factor of a and z.
19
Suppose 3*s + 533 = 2003. Suppose 0 = 2*g - 16*g + s. Calculate the greatest common factor of g and 385.
35
Let n(j) = j**2 + 8*j + 17. Let y be n(-9). Let w(p) = y + 11 + 5*p - 5 - 11*p. Let q be w(-18). Calculate the highest common factor of 56 and q.
28
Let w be 9*2/6*-4. Let o be -66*14/w*2. Let z be -3*5/15 - (2 - 25). Calculate the greatest common factor of z and o.
22
Let x be (81/45)/((-1)/(-15)). Let i = 41 - 34. Let z(c) = 4*c**2 + 10*c - 23. Let q be z(i). Calculate the highest common factor of q and x.
27
Let n = 23673 - 19337. Calculate the greatest common divisor of n and 48.
16
Let j be ((-6)/9)/((-6672)/16605 + (-38)/(-95)). What is the highest common factor of j and 72?
9
Let t(u) = -3*u**2 - 22*u + 17. Let y be t(-7). What is the highest common factor of y and 6?
6
Suppose -3*k - 5*s = -34, 6*k - s = 4*k + 14. What is the highest common factor of 1348 and k?
4
Suppose 0 = 5*o + 3*r - 100, 2*r + 0*r = -o + 13. Let k = 38 - o. Let d = 19647 + -19587. Calculate the greatest common divisor of d and k.
15
Let m = 9322 + -8486. What is the highest common divisor of 121 and m?
11
Let i be 1 + (153/(-1))/(-1). Suppose 4*q + 18*a - 81 = 13*a, -2*q + a + 23 = 0. What is the greatest common divisor of i and q?
14
Let c = -21 + 21. Let t be 3 + -1 + -8*10/(-40). Suppose -m = t*m - 5*n - 45, n - 2 = c. Calculate the highest common divisor of 154 and m.
11
Let g(w) = 799*w**2 + 128*w - 129. Let t be g(1). Calculate the highest common factor of t and 513.
57
Let v(u) = u**2 - 23*u - 432. Let l be v(-31). Calculate the highest common factor of 368 and l.
46
Let t(a) = a + 14. Let v be t(-12). Let w(d) = -d**3 - 3*d**2 + 14*d + 41. Let h be w(-4). What is the highest common divisor of v and h?
1
Suppose 2*c = -6, 0 = 3*l - c - 2342 - 181. What is the highest common divisor of l and 1176?
168
Suppose -2*l = -w - 331, -l = 158*w - 153*w - 193. Suppose 0*d + 90 = -d. Let j = d + l. Calculate the greatest common divisor of 26 and j.
26
Suppose 0 = -4*l + 8, 170*k + 5*l + 100 = 171*k. Calculate the highest common divisor of k and 22.
22
Let r = 1110 + -2182. Let k = r + 1078. Let i(z) = -33*z - 3. Let p be i(-3). What is the greatest common factor of k and p?
6
Let k = -34 + 20. Let i be (-52)/k + (-2)/(-7). Suppose -i*x - 54 = -3*h + 24, -x = 3. What is the highest common divisor of 2 and h?
2
Let n(i) = -4*i**3 - 14*i**2 - 7*i + 1. Let z be n(-3). Suppose 5*v - 746 = -3*o, -o + 250 = -v + z*v. Calculate the highest common divisor of o and 38.
19
Let v = 4 - 0. Let t(s) = -2*s + 49*s - s**3 - 2859 + 2851 - 22*s**2. Let u be t(-24). What is the highest common divisor of v and u?
4
Suppose -9*v + 2762 + 2377 = 0. Suppose 221 + v = 11*z. Calculate the highest common divisor of 36 and z.
36
Let v = 45141 - -13767. Calculate the greatest common divisor of v and 12.
12
Let y be 26/(-143) - (-2)/11. Suppose y*l + 4*l - 24 = 0. Suppose 0 = 4*x + 4*v - 8, l*x - 2*x - 4*v = 40. What is the greatest common divisor of 66 and x?
6
Let h(p) = 11*p - 22. Let o = 161 - 156. Let d be h(o). What is the highest common divisor of 165 and d?
33
Suppose 46*a - 308 - 7240 = -22*a. Calculate the highest common factor of 259 and a.
37
Let q(y) = -y**3 + 22*y**2 - 10*y - 55. Let g be q(21). Suppose 180 = -g*t + 185*t. Calculate the highest common divisor of 380 and t.
20
Suppose 2*u + 54 = 64. Suppose -4*m + 28 = l - 64, 0 = u*m + 2*l - 118. Calculate the greatest common factor of 2 and m.
2
Let d = -2479 + 2687. What is the greatest common factor of 1404 and d?
52
Let l(r) = 7533*r - 436. Let p be l(1). Calculate the greatest common factor of 453 and p.
151
Suppose -268*r - 64*r + 274 + 58 = 0. Let m(a) = 28*a + 1. Let j be m(1). Let v = j - 19. Calculate the greatest common divisor of v and r.
1
Suppose -11*z + 8*z - d + 409 = 0, -4*d = -2*z + 268. What is the highest common factor of 527 and z?
17
Let w be (1 - 2)/(8563338/(-231441) + 37). What is the highest common divisor of w and 107?
107
Let c(y) = -1357*y**3 - y**2 - 7*y - 3. Let l be c(-1). Calculate the greatest common divisor of l and 510.
170
Let m(r) = -r**2 - 15*r + 21. Let k be m(-15). Let u be (-1 - -16)*8/10. Suppose -k = -n + u. Calculate the greatest common factor of n and 33.
33
Let n = -11249 + 11402. Calculate the highest common factor of n and 711.
9
Let v = -609 - -753. Calculate the greatest common factor of v and 408.
24
Let m be -6 + 928/14 + (-12)/42. What is the highest common divisor of m and 1290?
30
Let f = -87 - -91. Suppose -3*d - f*d = -56. Let p(r) = r**3 - 5*r**2 - 4*r + 18. Let b be p(7). What is the highest common divisor of b and d?
8
Let p be 5436/16 + ((-81)/12)/9. Let s = -7 - -11. Suppose 201 + p = s*j. Calculate the highest common factor of j and 54.
27
Suppose 0 = o + 5*b, -17 = -3*o + 2*b - 0*b. Suppose -20*g + 8 = 368. Let f = 20 + g. What is the highest common factor of f and o?
1
Let u be 0 + 5 - (-6)/(-3). Let m(y) = -137*y + 6. Let n be m(-1). Suppose 5*g + 3*v - n = 10, -2*g + 62 = v. What is the highest common divisor of g and u?
3
Suppose -1364 - 76 = -15*v. Let r = v + -92. Suppose 0 = -z - 5*w, 31 = -r*z + 3*w + 123. What is the highest common factor of 20 and z?
20
Suppose 115*r - 244 = -7*r. Calculate the highest common divisor of r and 22.
2
Let b(y) = -y**3 + 31*y**2 + 43*y - 17. Let x be b(29). What is the greatest common factor of x and 64?
32
Let a be -276*(-6)/(-2 - -26) - 5. What is the greatest common factor of a and 344?
8
Suppose -88*m + 84*m - 2*v + 236 = 0, 0 = -2*m - 2*v + 114. Calculate the highest common factor of m and 1952.
61
Suppose -2*y + 0*k + 19 = 3*k, k + 5 = 5*y. Suppose x - 13 = -y*z, -x + 2 + 6 = z. Let u = 13 + 32. What is the highest common divisor of u and z?
5
Suppose b - 720 = 96*c - 91*c, 0 = 3*b - c - 2104. What is the greatest common divisor of 550 and b?
50
Let y = 50133 + -49753. Let x = 78 - 2. What is the highest common factor of y and x?
76
Suppose -1471 + 67 = -13*a. Let m = 11 + -14. Let t be (-28)/(-1) - (-3)/m. What is the greatest common factor